{"id":470,"date":"2020-04-18T12:15:03","date_gmt":"2020-04-18T15:15:03","guid":{"rendered":"https:\/\/jupi.pe.leg.br\/v3\/?page_id=470"},"modified":"2025-04-09T23:09:28","modified_gmt":"2025-04-10T02:09:28","slug":"comissoes-legislativa","status":"publish","type":"page","link":"https:\/\/jupi.pe.leg.br\/v3\/comissoes-legislativa\/","title":{"rendered":"COMISS\u00d5ES LEGISLATIVA"},"content":{"rendered":"\r\n<p>&nbsp;<\/p>\r\n<p>As Comiss\u00f5es s\u00e3o \u00f3rg\u00e3os t\u00e9cnicos compostos de tr\u00eas(e) Vereadores com a finalidade de examinar mat\u00e9ria em tramita\u00e7\u00e3o na C\u00e2mara e emitir parecer sobre a mesma, ou de proceder a estudos sobre assuntos de natureza essencial ou, ainda, de investigar fatos determinados de interesse da Administra\u00e7\u00e3o.<\/p>\r\n\r\n\r\n\r\n<p>&nbsp;<\/p>\r\n\r\n\r\n<hr class=\"wp-block-separator\" \/>\r\n\r\n\r\n<h3 class=\"wp-block-heading\">\u00a0<\/h3>\r\n<h3><strong>Comiss\u00e3o de Legisla\u00e7\u00e3o e Justi\u00e7a<\/strong><\/h3>\r\n\r\n\r\n\r\n\r\n\r\n<figure class=\"wp-block-gallery columns-3 is-cropped wp-block-gallery-1 is-layout-flex wp-block-gallery-is-layout-flex\">\r\n<p>&nbsp;<\/p>\r\n<\/figure>\r\n\r\n\r\n\r\n<p>Competente \u00e0 Comiss\u00e3o de Legisla\u00e7\u00e3o e Justi\u00e7a manifestar-se sobre todos os assuntos nos aspectos constitucional e legal e, quando j\u00e1 aprovados pelo Plen\u00e1rio, analisa-los sob os aspectos l\u00f3gico e gramatical, de modo a adequar ao bom vern\u00e1culo o texto das proposi\u00e7\u00f5es.<\/p>\r\n<p>&nbsp;<\/p>\r\n\r\n\r\n<hr class=\"wp-block-separator\" \/>\r\n<p>\r\n\r\n<\/p>\r\n<p>&nbsp;<\/p>\r\n\r\n\r\n\r\n<h3 class=\"wp-block-heading\"><strong>Comiss\u00e3o de Reda\u00e7\u00e3o<\/strong><img decoding=\"async\" class=\"img-fluid wp-image-307\" style=\"font-size: 16px;\" src=\"https:\/\/jupi.pe.leg.br\/v3\/wp-content\/uploads\/2018\/06\/jeffetton.jpg\" alt=\"\" data-id=\"307\" data-full-url=\"https:\/\/jupi.pe.leg.br\/v3\/wp-content\/uploads\/2018\/06\/jeffetton.jpg\" data-link=\"https:\/\/jupi.pe.leg.br\/v3\/vereador\/jeffetton-monteiro\/jeffetton\/\" \/><\/h3>\r\n<figure class=\"wp-block-gallery columns-3 is-cropped\">\r\n<ul>\r\n<li style=\"list-style-type: none;\">\u00a0<\/li>\r\n<\/ul>\r\n<figcaption class=\"blocks-gallery-item__caption\"><br \/><br \/><\/figcaption>\r\n<\/figure>\r\n<hr class=\"wp-block-separator\" \/>\r\n\r\n\r\n<h3 class=\"wp-block-heading\">\u00a0<\/h3>\r\n<h3><strong>Comiss\u00e3o de Finan\u00e7as e Or\u00e7amento<\/strong><\/h3>\r\n<figure class=\"wp-block-gallery columns-3 is-cropped\">\r\n<p>&nbsp;<\/p>\r\n<\/figure>\r\n<p>Compete \u00e0 Comiss\u00e3o de Finan\u00e7as e Or\u00e7amento opinar obrigatoriamente sobre todas as mat\u00e9rias de car\u00e1ter financeiro.<br \/><br \/><br \/><\/p>\r\n\r\n\r\n<hr class=\"wp-block-separator\" \/>\r\n\r\n\r\n<h3 class=\"wp-block-heading\">\u00a0<\/h3>\r\n<h3><strong>Comiss\u00e3o de Educa\u00e7\u00e3o, Cultura e Sa\u00fade<\/strong><\/h3>\r\n\r\n\r\n\r\n<p>Compete \u00e0 Comiss\u00e3o de Educa\u00e7\u00e3o, Cultura e Sa\u00fade manifestar-se em todos os Projetos e mat\u00e9rias que versem sobre assuntos educacionais, art\u00edsticos, inclusive o Patrim\u00f4nio Hist\u00f3rico, desportivos e relacionados com a Sa\u00fade, o Saneamento e Assist\u00eancia e Previd\u00eancia Sociais em geral.<\/p>\r\n<p>&nbsp;<\/p>\r\n<hr \/>\r\n<h3>\u00a0<\/h3>\r\n<h3><strong>Comiss\u00e3o de Obras e Urbanismo<\/strong><\/h3>\r\n\r\n\r\n\r\n<figure class=\"wp-block-gallery columns-3 is-cropped wp-block-gallery-2 is-layout-flex wp-block-gallery-is-layout-flex\">\r\n<figure><img decoding=\"async\" class=\"img-fluid wp-image-308\" src=\"https:\/\/jupi.pe.leg.br\/v3\/wp-content\/uploads\/2018\/06\/paulocesar.jpg\" alt=\"\" data-id=\"308\" data-full-url=\"https:\/\/jupi.pe.leg.br\/v3\/wp-content\/uploads\/2018\/06\/paulocesar.jpg\" data-link=\"https:\/\/jupi.pe.leg.br\/v3\/vereador\/paulo-cesar\/paulocesar\/\" \/><\/figure>\r\n<\/figure>\r\n\r\n\r\n\r\n<p>Compete a Comiss\u00e3o de Obras e Servi\u00e7os P\u00fablicos opinar nas mat\u00e9rias referentes a quaisquer obras, empreendimentos e execu\u00e7\u00e3o de servi\u00e7os p\u00fablicos locais e ainda sobre assuntos ligados \u00e0s atividades produtivas em geral, oficiais ou particulares.<\/p>\r\n<p>&nbsp;<\/p>\r\n<hr \/>\r\n<h3>\u00a0<\/h3>\r\n<h3><strong>Comiss\u00e3o de Juventude<\/strong><\/h3>\r\n\r\n\r\n\r\n<figure class=\"wp-block-gallery columns-3 is-cropped wp-block-gallery-3 is-layout-flex wp-block-gallery-is-layout-flex\">\r\n<p>&nbsp;<\/p>\r\n<\/figure>\r\n\r\n\r\n\r\n<p>Compete \u00e0 Comiss\u00e3o de Juventude analisar e aperfei\u00e7oar as propostas de pol\u00edticas p\u00fablicas para de juventude.<\/p>\r\n<p>&nbsp;<\/p>\r\n<hr \/>\r\n<p>Consulte na \u00edntegra as compet\u00eancias de cada comiss\u00e3o no regimento interno desta casa. <strong><a href=\"https:\/\/jupi.pe.leg.br\/v3\/wp-content\/uploads\/2020\/04\/Regimento_Interno_Camara-Municipal-Jupi-PE.pdf\" target=\"_blank\" rel=\"noreferrer noopener\">AQUI &gt;&gt;<\/a><\/strong><\/p>\r\n","protected":false},"excerpt":{"rendered":"<p>&nbsp; \u00a0 Comiss\u00e3o de Legisla\u00e7\u00e3o e Justi\u00e7a Competente \u00e0 Comiss\u00e3o de Legisla\u00e7\u00e3o e Justi\u00e7a manifestar-se sobre todos os assuntos nos aspectos constitucional e legal e, quando j\u00e1 aprovados pelo Plen\u00e1rio, analisa-los sob os aspectos l\u00f3gico e gramatical, de modo a <a class=\"leiamais\" href=\"https:\/\/jupi.pe.leg.br\/v3\/comissoes-legislativa\/\">VER MAIS <i class=\"fa-solid fa-chevron-right\"><\/i><\/a><\/p>\n","protected":false},"author":2,"featured_media":0,"parent":0,"menu_order":0,"comment_status":"closed","ping_status":"closed","template":"","meta":{"_acf_changed":false,"footnotes":""},"class_list":["post-470","page","type-page","status-publish","hentry","active"],"acf":[],"_links":{"self":[{"href":"https:\/\/jupi.pe.leg.br\/v3\/wp-json\/wp\/v2\/pages\/470","targetHints":{"allow":["GET"]}}],"collection":[{"href":"https:\/\/jupi.pe.leg.br\/v3\/wp-json\/wp\/v2\/pages"}],"about":[{"href":"https:\/\/jupi.pe.leg.br\/v3\/wp-json\/wp\/v2\/types\/page"}],"author":[{"embeddable":true,"href":"https:\/\/jupi.pe.leg.br\/v3\/wp-json\/wp\/v2\/users\/2"}],"replies":[{"embeddable":true,"href":"https:\/\/jupi.pe.leg.br\/v3\/wp-json\/wp\/v2\/comments?post=470"}],"version-history":[{"count":0,"href":"https:\/\/jupi.pe.leg.br\/v3\/wp-json\/wp\/v2\/pages\/470\/revisions"}],"wp:attachment":[{"href":"https:\/\/jupi.pe.leg.br\/v3\/wp-json\/wp\/v2\/media?parent=470"}],"curies":[{"name":"wp","href":"https:\/\/api.w.org\/{rel}","templated":true}]}}