{"id":3180,"date":"2025-04-09T22:24:55","date_gmt":"2025-04-10T01:24:55","guid":{"rendered":"https:\/\/jupi.pe.leg.br\/v3\/?page_id=3180"},"modified":"2025-04-09T22:24:55","modified_gmt":"2025-04-10T01:24:55","slug":"mesa-diretora","status":"publish","type":"page","link":"https:\/\/jupi.pe.leg.br\/v3\/mesa-diretora\/","title":{"rendered":"Mesa Diretora"},"content":{"rendered":"<p><strong>A <\/strong><strong>Mesa Diretora: <\/strong>\u00c9 o \u00d3rg\u00e3o de Dire\u00e7\u00e3o da C\u00e2mara. A ela cabem as tarefas administrativas e executivas. A dire\u00e7\u00e3o dos trabalhos\u00a0 legislativos e dos servi\u00e7os administrativos da c\u00e2mara, destacando-se os atos de dire\u00e7\u00e3o, administra\u00e7\u00e3o e execu\u00e7\u00e3o da delibera\u00e7\u00f5es aprovadas em Plen\u00e1rio.<\/p>\n<p>.<\/p>\n<p>&nbsp;<\/p>\n<p>&nbsp;<\/p>\n<p>&nbsp;<\/p>\n<p>&nbsp;<\/p>\n<p>&nbsp;<\/p>\n<p>&nbsp;<\/p>\n<p>&nbsp;<\/p>\n<p>&nbsp;<\/p>\n","protected":false},"excerpt":{"rendered":"<p>A Mesa Diretora: \u00c9 o \u00d3rg\u00e3o de Dire\u00e7\u00e3o da C\u00e2mara. A ela cabem as tarefas administrativas e executivas. A dire\u00e7\u00e3o dos trabalhos\u00a0 legislativos e dos servi\u00e7os administrativos da c\u00e2mara, destacando-se os atos de dire\u00e7\u00e3o, administra\u00e7\u00e3o e execu\u00e7\u00e3o da delibera\u00e7\u00f5es aprovadas <a class=\"leiamais\" href=\"https:\/\/jupi.pe.leg.br\/v3\/mesa-diretora\/\">VER MAIS <i class=\"fa-solid fa-chevron-right\"><\/i><\/a><\/p>\n","protected":false},"author":2,"featured_media":0,"parent":0,"menu_order":0,"comment_status":"closed","ping_status":"closed","template":"page-mesa.php","meta":{"_acf_changed":false,"footnotes":""},"class_list":["post-3180","page","type-page","status-publish","hentry","active"],"acf":[],"_links":{"self":[{"href":"https:\/\/jupi.pe.leg.br\/v3\/wp-json\/wp\/v2\/pages\/3180","targetHints":{"allow":["GET"]}}],"collection":[{"href":"https:\/\/jupi.pe.leg.br\/v3\/wp-json\/wp\/v2\/pages"}],"about":[{"href":"https:\/\/jupi.pe.leg.br\/v3\/wp-json\/wp\/v2\/types\/page"}],"author":[{"embeddable":true,"href":"https:\/\/jupi.pe.leg.br\/v3\/wp-json\/wp\/v2\/users\/2"}],"replies":[{"embeddable":true,"href":"https:\/\/jupi.pe.leg.br\/v3\/wp-json\/wp\/v2\/comments?post=3180"}],"version-history":[{"count":0,"href":"https:\/\/jupi.pe.leg.br\/v3\/wp-json\/wp\/v2\/pages\/3180\/revisions"}],"wp:attachment":[{"href":"https:\/\/jupi.pe.leg.br\/v3\/wp-json\/wp\/v2\/media?parent=3180"}],"curies":[{"name":"wp","href":"https:\/\/api.w.org\/{rel}","templated":true}]}}

<p><strong>A </strong><strong>Mesa Diretora: </strong>É o Órgão de Direção da Câmara. A ela cabem as tarefas administrativas e executivas. A direção dos trabalhos  legislativos e dos serviços administrativos da câmara, destacando-se os atos de direção, administração e execução da deliberações aprovadas em Plenário.</p>
<p>.</p>
<p>&nbsp;</p>
<p>&nbsp;</p>
<p>&nbsp;</p>
<p>&nbsp;</p>
<p>&nbsp;</p>
<p>&nbsp;</p>
<p>&nbsp;</p>
<p>&nbsp;</p>

<p>A Mesa Diretora: É o Órgão de Direção da Câmara. A ela cabem as tarefas administrativas e executivas. A direção dos trabalhos  legislativos e dos serviços administrativos da câmara, destacando-se os atos de direção, administração e execução da deliberações aprovadas <a class="leiamais" href="https://jupi.pe.leg.br/v3/mesa-diretora/">VER MAIS <i class="fa-solid fa-chevron-right"></i></a></p>
