{"id":174,"date":"2018-06-05T21:06:27","date_gmt":"2018-06-06T00:06:27","guid":{"rendered":"https:\/\/jupi.pe.leg.br\/v3\/?page_id=174"},"modified":"2020-04-18T12:12:00","modified_gmt":"2020-04-18T15:12:00","slug":"historia-de-jupi","status":"publish","type":"page","link":"https:\/\/jupi.pe.leg.br\/v3\/historia-de-jupi\/","title":{"rendered":"HIST\u00d3RIA DE JUPI"},"content":{"rendered":"\n<div class=\"wp-block-image is-style-default\"><figure class=\"alignleft size-large is-resized\"><img loading=\"lazy\" decoding=\"async\" src=\"https:\/\/jupi.pe.leg.br\/v3\/wp-content\/uploads\/2020\/04\/vista_aerea_jupi.jpg\" alt=\"\" class=\"wp-image-326\" width=\"355\" height=\"266\" srcset=\"https:\/\/jupi.pe.leg.br\/v3\/wp-content\/uploads\/2020\/04\/vista_aerea_jupi.jpg 512w, https:\/\/jupi.pe.leg.br\/v3\/wp-content\/uploads\/2020\/04\/vista_aerea_jupi-300x225.jpg 300w\" sizes=\"auto, (max-width: 355px) 100vw, 355px\" \/><\/figure><\/div>\n\n\n<p>Os espinhos chamados pelos nativos de Yupi, que significa &#8220;Espinho Agudo&#8221; deram origem ao nome do munic\u00edpio. Jupi como povoado pertenceu ao Brejo da Madre de Deus, na categoria de distrito, passou a pertencer ao munic\u00edpio de S\u00e3o Bento do Una, depois ao munic\u00edpio de Canhotinho, a seguir, ao munic\u00edpio de Palmerina, e por \u00faltimo ao munic\u00edpio de Angelim. Por projeto do ent\u00e3o deputado Dr. Jo\u00e3o Calado Borba, foi apresentado \u00e0 assembl\u00e9ia estadual a emancipa\u00e7\u00e3o de Jupi do munic\u00edpio de Angelim, aprovado, passou a ser Lei n\u00ba 3331 de dezembro de 1958.<\/p>\n<p>Nos meados do s\u00e9culo XVI, fora o portugu\u00eas Ant\u00f4nio Vieira de Melo, desterrado de Portugal para o Brasil por ordem da Coroa. Ao desembarcar em Salvador foi deportado pelo governo da \u00e9poca para o interior do Estado. Penetrou pelas matas. Depois de v\u00e1rios meses foi ter em taba de \u00edndios no Estado de Alagoas, onde hoje est\u00e1 localizada a cidade de Uni\u00e3o dos Palmares. Em pouco tempo conseguiu a simpatia e confian\u00e7a. Atingiu o planalto de Garanhuns na Capitania de Pernambuco, cujo donat\u00e1rio na \u00e9poca era Duarte Coelho Pereira. Dali embrenhou-se nas matas vindo ter ao sop\u00e9 de uma serra onde havia abundante \u00e1gua boa e bastante ca\u00e7a, onde elementos da mesma tribo de origem fizeram uma aldeia nas proximidades de uma fonte por eles denominada &#8220;Olho D&#8217;\u00e1gua de Yu-py&#8221;. As malocas desta aldeia foram feitas e cobertas com folhas das palmeiras nativas do local que os \u00edndios denominaram de Ouricury.<\/p>\n<p>Deste ponto, Ant\u00f4nio Vieira de Melo, resolveu ir \u00e0 Bahia, pedindo ao chefe da tribo dois \u00edndios de sua confian\u00e7a para seus companheiros de viagem. L\u00e1 chegando, foi bem recebido pelo governador da Bahia relatando ao mesmo todos os acontecimentos. Em troca, solicitou o fornecimento de ferramentas e sementes para o cultivo da terra f\u00e9rtil do Olho D&#8217;\u00e1gua de Yu-py.<\/p>\n<p>Logo ao retornar iniciou a explora\u00e7\u00e3o da terra. Ainda ao chegar da mesma viagem, autorizado pelo governador e de acordo com o chefe da tribo, enviou quatro \u00edndios aos campos de Oeiras no Piau\u00ed, de l\u00e1 foram trazidas oito cabe\u00e7as de gado, sendo seis f\u00eameas domesticadas.<\/p>\n<p>Voltando \u00e0 Bahia, a fim de prestar contas ao governador do que havia feito e resultados obtidos, desviou-se da rota tra\u00e7ada para viagem, tomando-se prisioneiro com seus companheiros de uma tribo canibal, sendo todos amarrados, estando \u00e0 fogueira acesa onde seria ele e seus companheiros assados vivos. Ant\u00f4nio Vieira de Melo recorreu-se \u00e0 Virgem Sant\u00edssima do Ros\u00e1rio, prometendo que se fosse salvo com seus companheiros, buscaria a sua imagem em Portugal e com os \u00edndios erigia uma capela em sua honra na localidade Olho D&#8217;\u00c1gua de Yu-py, cingindo sua fronte com uma coroa de ouro maci\u00e7o.<\/p>\n<p>S\u00e3o e salvo, Ant\u00f4nio Vieira de Melo, cumpriu sua promessa trazendo a imagem que ficou sendo venerada em JUPI. Por Carta R\u00e9gia de 1632, foi prescrita sua deporta\u00e7\u00e3o, voltando a Portugal, trouxe para Jupi, sua fam\u00edlia e o direito de posse as terras que cultiva, donde desmembrou o patrim\u00f4nio de Nossa Senhora do Ros\u00e1rio, ficando dirigindo os destinos da \u00e1rea por muitos anos.<\/p>\n<p>Seus restos mortais foram sepultados na antiga capela de Nossa Senhora do Ros\u00e1rio, que fora edificado no centro da pra\u00e7a atual de Nossa Senhora do Ros\u00e1rio, tendo em frente dos mesmos dois p\u00e9s de palmeiras Ouricury, plantados pelos \u00edndios e ainda entre eles um alto cruzeiro de madeira trabalhada pelos \u00edndios sob um pedestal de pedras r\u00fasticas locais.<\/p>\n<p>Nos princ\u00edpios do presente s\u00e9culo ainda existia em m\u00e3os o tenente Eduardo Jos\u00e9 de Melo, natural de Canhotinho e bisneto de Ant\u00f4nio Vieira de Melo, pap\u00e9is onde estava tra\u00e7ado a sesmaria doada pelo rei de Portugal a Ant\u00f4nio Vieira de Melo. Os \u00edndios entre outros presentes, doaram a Ant\u00f4nio Vieira de Melo uma bel\u00edssima jarra que a anos passados esteve na posse de Da. Const\u00e2ncia Paiva de Melo, descendente direta de Ant\u00f4nio Vieira de Melo.<\/p>\n<p>Como povoado, pertenceu a sesmaria administrativa do munic\u00edpio de Brejo da Madre de Deus, na categoria de distrito passou a pertencer ao munic\u00edpio de S\u00e3o Bento do Una, depois para o munic\u00edpio de Canhotinho, a seguir para o munic\u00edpio de Palmeirina e por \u00faltimo para o munic\u00edpio de Angelim.<\/p>\n<p>Entre os anos de 1931 a 1936 ainda havia no centro da parte mais alta da Pra\u00e7a do Ros\u00e1rio um antigo hist\u00f3rico Jatob\u00e1, que servia de a\u00e7ougue p\u00fablico. Na \u00e9poca da guerra do Paraguai, um jovem desertor fora preso nas imedia\u00e7\u00f5es de Bom Conselho, sendo encaminhado \u00e0 Recife para julgamento. Chegou a ser amarrado no velho Jatob\u00e1, durante o descanso da tropa que o conduzia. Este jovem, depois de v\u00e1rios anos, chegou a ser general do ex\u00e9rcito e governador do estado de Pernambuco. Seu nome era Dantas Barreto.<\/p>\n<p>Por projeto do ent\u00e3o deputado Jo\u00e3o Calado Borba, foi apresentado \u00e0 Assembl\u00e9ia Estadual a independ\u00eancia ou emancipa\u00e7\u00e3o de Jupi do munic\u00edpio de Angelim. Na \u00e9poca o projeto de emancipa\u00e7\u00e3o necessitava da aprova\u00e7\u00e3o da C\u00e2mara de Vereadores de Angelim, ent\u00e3o composta por Jos\u00e9 Freire da Silva, Otac\u00edlio Peixoto de Melo, Joaquim Ven\u00e2ncio de Moraes, Manoel Salgado de Vasconcelos, Enoque Elias, Jos\u00e9 Guilherme da Costa, Jocelino Cordeiro Sobral, Feliciano Paiva Melo e Hugo Salgado de Vasconcelos, sendo Prefeito J\u00falio Salgado de Vasconcelos.<\/p>\n\n\n<hr class=\"wp-block-separator\"\/>\n\n\n\n<h3 class=\"wp-block-heading\">S\u00edmbolos Oficias<\/h3>\n\n\n\n<figure class=\"wp-block-image size-large is-resized\"><img loading=\"lazy\" decoding=\"async\" src=\"https:\/\/jupi.pe.leg.br\/v3\/wp-content\/uploads\/2020\/04\/bandeira.png\" alt=\"\" class=\"wp-image-321\" width=\"584\" height=\"388\" srcset=\"https:\/\/jupi.pe.leg.br\/v3\/wp-content\/uploads\/2020\/04\/bandeira.png 479w, https:\/\/jupi.pe.leg.br\/v3\/wp-content\/uploads\/2020\/04\/bandeira-300x199.png 300w\" sizes=\"auto, (max-width: 584px) 100vw, 584px\" \/><figcaption>Bandeira Oficial de Jupi<\/figcaption><\/figure>\n\n\n\n<figure class=\"wp-block-image size-large is-resized\"><img loading=\"lazy\" decoding=\"async\" src=\"https:\/\/jupi.pe.leg.br\/v3\/wp-content\/uploads\/2020\/04\/brasao.png\" alt=\"\" class=\"wp-image-331\" width=\"441\" height=\"440\" srcset=\"https:\/\/jupi.pe.leg.br\/v3\/wp-content\/uploads\/2020\/04\/brasao.png 366w, https:\/\/jupi.pe.leg.br\/v3\/wp-content\/uploads\/2020\/04\/brasao-300x300.png 300w, https:\/\/jupi.pe.leg.br\/v3\/wp-content\/uploads\/2020\/04\/brasao-150x150.png 150w\" sizes=\"auto, (max-width: 441px) 100vw, 441px\" \/><figcaption>Bras\u00e3o Oficial do Munic\u00edpio de Jupi<\/figcaption><\/figure>\n\n\n\n<h3 class=\"wp-block-heading\">S\u00edmbolos Oficias<\/h3>\n\n\n\n<hr class=\"wp-block-separator\"\/>\n\n\n\n<h3 class=\"wp-block-heading\">Hino Municipal<\/h3>\n\n\n\n<hr class=\"wp-block-separator\"\/>\n\n\n\n<p> No descerrar da cortina<br>Eis que tu surges, briosa<br>Tua Paisagem Fascina<br>Rios de t\u00eaz caudalosa<br><br> Originou o teu nome<br>O espinho Yupi<br>O marco zero \u00e9 no Peri-Peri<br>Sou lutador, tenho valor sou de Jupi<br><br> Jupi, Jupi, Jupi<br>Ber\u00e7o de nossos her\u00f3is<br>Terra de nosso viver<br>De nosso querer<br>Amada por n\u00f3s<br><br> Teu galard\u00e3o no luzeiro<br>Faz de teu povo irmandade<br>Projetando ao mundo inteiro<br>Tua prof\u00edcua cidade<br><br> Um portugu\u00eas altaneiro<br>\u00c9 teu patrono viril<br>Trouxe a Virgem do Ros\u00e1rio<br>Pra capela de Olho D\u2019\u00e1gua de Yu-pi<br><br> Jupi, Jupi, Jupi<br>Ber\u00e7o de nossos her\u00f3is<br>Terra de nosso viver<br>De nosso querer<br>Amada por n\u00f3s<br><br> Saudamos aos fundadores<br>Com orgulho e gratid\u00e3o<br>Salve oh! Cidade, teu estandarte<br>Com bravura e emo\u00e7\u00e3o<br><br> Do ch\u00e3o vem nosso sustento<br>Corre em teu veio a vit\u00f3ria<br>Dentro do peito, contentamento<br>E todo amor, toda gl\u00f3ria<br><br> Jupi, Jupi, Jupi<br>Ber\u00e7o de nossos her\u00f3is<br>Terra de nosso viver<br>De nosso querer<br>Amada por n\u00f3s <\/p>\n\n\n\n<p><strong><em>Ouvir\/Download<\/em><\/strong>: <\/p>\n\n\n\n<figure class=\"wp-block-audio\"><audio controls src=\"https:\/\/jupi.pe.leg.br\/v3\/wp-content\/themes\/geisiane\/imagens\/hino-de-jupi.mp3\"><\/audio><\/figure>\n","protected":false},"excerpt":{"rendered":"<p>Os espinhos chamados pelos nativos de Yupi, que significa &#8220;Espinho Agudo&#8221; deram origem ao nome do munic\u00edpio. Jupi como povoado pertenceu ao Brejo da Madre de Deus, na categoria de distrito, passou a pertencer ao munic\u00edpio de S\u00e3o Bento do <a class=\"leiamais\" href=\"https:\/\/jupi.pe.leg.br\/v3\/historia-de-jupi\/\">VER MAIS <i class=\"fa-solid fa-chevron-right\"><\/i><\/a><\/p>\n","protected":false},"author":2,"featured_media":0,"parent":0,"menu_order":0,"comment_status":"closed","ping_status":"closed","template":"","meta":{"_acf_changed":false,"footnotes":""},"class_list":["post-174","page","type-page","status-publish","hentry","active"],"acf":[],"_links":{"self":[{"href":"https:\/\/jupi.pe.leg.br\/v3\/wp-json\/wp\/v2\/pages\/174","targetHints":{"allow":["GET"]}}],"collection":[{"href":"https:\/\/jupi.pe.leg.br\/v3\/wp-json\/wp\/v2\/pages"}],"about":[{"href":"https:\/\/jupi.pe.leg.br\/v3\/wp-json\/wp\/v2\/types\/page"}],"author":[{"embeddable":true,"href":"https:\/\/jupi.pe.leg.br\/v3\/wp-json\/wp\/v2\/users\/2"}],"replies":[{"embeddable":true,"href":"https:\/\/jupi.pe.leg.br\/v3\/wp-json\/wp\/v2\/comments?post=174"}],"version-history":[{"count":0,"href":"https:\/\/jupi.pe.leg.br\/v3\/wp-json\/wp\/v2\/pages\/174\/revisions"}],"wp:attachment":[{"href":"https:\/\/jupi.pe.leg.br\/v3\/wp-json\/wp\/v2\/media?parent=174"}],"curies":[{"name":"wp","href":"https:\/\/api.w.org\/{rel}","templated":true}]}}